h = 10. Suppose -4*g + 599 = m. Is g prime?
False
Suppose 0*r + 5*r = 0. Suppose -p = -r*p - 901. Is p a composite number?
True
Let r = 16810 + 104001. Is r a composite number?
False
Suppose 24 = k + 2*k. Let h(p) = 5*p**3 + p**2 - 3*p + 5. Is h(k) a prime number?
False
Let n be (0/((-6)/(-2)))/1. Suppose -5*g + 2*k + 14 = 38, 5*k + 15 = n. Is ((-2)/g)/(3/495) composite?
True
Let a(n) = n**3 + 13*n**2 + 14*n + 12. Let w be a(-10). Suppose 0*l + p = -2*l - 170, -168 = 2*l + 2*p. Let b = w + l. Is b prime?
False
Let y = 10 - 6. Suppose y*f - 4*j = -9*j + 131, 3*j = -4*f + 141. Suppose 2*g - 51 = 3*h - 8*h, g = -4*h + f. Is h a composite number?
True
Let u(y) = y + 5. Let z be u(4). Let c = z - 7. Suppose 1484 = -c*v + 6*v. Is v a composite number?
True
Let l = 783 + 184. Is l a composite number?
False
Let g(j) = -j**2 + 6*j + 1. Let p be -1 + 28 - (-2 - -3). Suppose 2*v = -4*x + p, -2*v - 3*x = -0*x - 22. Is g(v) composite?
True
Is 115426/7 - 252/588 a prime number?
False
Let z(d) = 3*d**3 - 26*d**2 + 9*d - 1. Is z(18) a composite number?
True
Let o = -1798 + 5204. Suppose -y = -3*x + 7001, -2*y + o = 2*x - 1256. Is x prime?
True
Let f be 0/(3 + -4) + 0. Let u be 2 + f + (-2000)/(-5). Is (-2)/(((-16)/u)/4) prime?
False
Let a(f) = 3*f**2 - 26*f. Let c be a(-6). Suppose -c = -6*i + 3834. Is i a prime number?
True
Suppose 2*c - 6*c = 0. Let l = 0 + c. Let b(d) = -d + 62. Is b(l) a prime number?
False
Let p be ((-2)/(-3))/(12/(-36)). Is ((-1)/(-1))/(p/(-358)) a composite number?
False
Suppose -6 - 2 = -4*c. Suppose -n = -c*a - 1311, 4*n - 5264 = -2*a + 6*a. Suppose 3*h = 5*y + n, -10 = -4*y + 6. Is h composite?
True
Suppose 3*r + v = 7*r - 326, 164 = 2*r - v. Let h = 224 - r. Is h a prime number?
False
Is ((-35532)/(-432))/((-2)/(-8)) a composite number?
True
Suppose 0 = -2*t - 18*h + 16*h + 7270, 0 = 5*h + 20. Is t a prime number?
False
Let d be 90/20 + 2/4. Suppose 3*a + 1 = -d, 0 = n + 3*a - 379. Suppose -4*w + 0*u = 5*u - 769, -2*w - 3*u = -n. Is w a composite number?
False
Let g(z) = -z - 2. Let l(u) = u**2 + 9*u - 18. Let s be l(-10). Let x be g(s). Suppose 262 = x*c - 680. Is c composite?
False
Let d(y) = -6*y**2 - 21*y - 9. Let c(u) = -3*u**2 - 10*u - 4. Let m(a) = -13*c(a) + 6*d(a). Let w = -11 - -6. Is m(w) a composite number?
False
Let p(j) = 26*j**2 + 28*j**2 + j - 2*j. Let s be 0/(-1) + (-2 - -3). Is p(s) a composite number?
False
Let b be 27*1 + (-8 - -11). Is 6/b - 282/(-15) a composite number?
False
Suppose -5*k - 5*u = -16030, 12169 = 4*k + 3*u - 652. Is k a prime number?
True
Let g = 72831 + -22570. Is g a composite number?
False
Let o be (1 + 1)*(-22 + -1305). Is 1/(4 - (-10614)/o) a prime number?
True
Let x = 4241 + -2998. Is x a composite number?
True
Suppose 0 = 26*v - 2267843 - 490055. Is v prime?
False
Let t = 399 - -680. Is t composite?
True
Let d(m) = 5*m**3 + 20*m**2 + m - 18. Let z(f) = -2*f**3 - 7*f**2 + 6. Let h(v) = -4*d(v) - 11*z(v). Let c be 8 - (-2)/3*(-45)/10. Is h(c) a prime number?
False
Is (-5826)/(-10) + 5*12/150 prime?
False
Suppose -6*v = -3*v. Is (11967 - v)*(-4)/(-12) a prime number?
True
Let r(j) = j**2 + j. Let y(u) = -9*u**2 - 6*u - 4. Let t(l) = 3*r(l) + y(l). Let o(b) = -1. Let c(m) = 3*o(m) - t(m). Is c(-4) prime?
False
Suppose 18*l = -11640 + 125994. Is l composite?
False
Let c(a) = a + 2. Let v be c(-5). Suppose -4*o = -3*o. Is o - (-329 + v)/4 a composite number?
False
Suppose 2*s - 208691 = -5*s. Is s composite?
True
Let f = 44 + -20. Suppose -5*o - 68 = -4*r, -r - 2*r - 3*o + f = 0. Suppose 4*t - 248 = -r. Is t a prime number?
True
Suppose -3*h + l + 17773 = 2*l, 0 = -3*l + 12. Is h prime?
True
Let d be 4*((-2)/2)/(-1). Let r = -245 - -252. Suppose d*x = r*x - 267. Is x composite?
False
Suppose -b = -5*a - 2745, 7*a + b = 2*a - 2755. Let y = 187 - a. Is y composite?
True
Let h = 45239 - 2878. Is h a prime number?
False
Suppose 3*p - 513 = 4614. Is p a composite number?
False
Let n(r) = 1639*r - 2. Suppose 0*v - x = 5*v - 9, x = 2*v + 2. Is n(v) prime?
True
Let a(h) = 5*h - 5 + 1 + 3 - h + h**2. Let d be a(-5). Suppose l + d*l = 1705. Is l a prime number?
False
Let d = 97 - 92. Suppose d*l - 14*l + 17811 = 0. Is l a composite number?
False
Let r(y) = -y + 8. Let s be r(5). Suppose 0*o + s = -o + 3*t, 5*t - 5 = 0. Suppose j = c - 25, 3*j - j + 6 = o. Is c prime?
False
Suppose -n - 2*n + 442 = -4*b, 0 = -2*n + 2*b + 294. Let f = n - 19. Is f composite?
False
Suppose -13*v + 97 = -10810. Is v a prime number?
True
Let a be 1/4 - 31/(-4). Suppose -5*q + a*q - 633 = 0. Is q a prime number?
True
Suppose b - 10250 = -3*n, 13*n - 51230 = -5*b + 18*n. Is b composite?
False
Suppose -f + 1 = j + 10, j - 5*f = -39. Let u = 7 - j. Is u a prime number?
False
Let u(a) = a - 9. Let w be u(13). Suppose -4*h - w + 0 = 0. Is h/(-3)*(1 - -236) composite?
False
Let i(c) = 985*c + 74. Is i(11) composite?
False
Suppose -18908 = -111*b + 107*b. Is b a prime number?
False
Let b(n) = -7*n**2 + 37*n + 16. Let f be b(17). Let u = f + 2079. Is u composite?
False
Let k = 20 + -17. Suppose 0 = v - 2*t + 35, 4*t = -5*v + k*t - 142. Let j = v + 138. Is j a composite number?
False
Suppose x + 27780 = 5*c, 3*c - 3*x - 4273 = 12383. Is c composite?
False
Let x(d) = -4596*d - 13. Is x(-1) a composite number?
False
Let l = -8 - -12. Let u(d) = -54*d + 4. Let r be u(l). Let t = r - -331. Is t composite?
True
Suppose -3*u + 1886 = -514. Suppose -5*a = -5, 3*p - 2814 + u = 5*a. Is p composite?
False
Is ((-10)/(20/2406))/(-1) composite?
True
Let n(l) = -l**2 - 2*l + 15. Let d be n(-4). Suppose d*s - 6592 = 7975. Is s prime?
True
Is ((609/(-6))/7)/(-1)*10 a prime number?
False
Let l(p) = 38*p**2 - p. Let z(o) = -1 + o + 4*o + o**2 - 4*o. Let g be z(1). Is l(g) a composite number?
False
Let z be ((-6)/2)/(6/56). Let t be 446*(z/8 + 3). Let r = t - -1092. Is r composite?
True
Suppose -2*l - 6 = x, 4*x = x - 2*l - 6. Suppose -4*c - f + 4706 - 810 = 0, -c + 5*f + 974 = x. Is c a composite number?
True
Suppose 17*h - 331325 - 1404392 = 0. Is h a composite number?
False
Let y(k) = -20*k + 0 - 12*k**2 + k**3 + 30*k + 14. Let u be y(11). Is (6 - 2) + 9/u prime?
True
Let x(d) be the second derivative of 0 - 5*d + d**4 + 1/20*d**5 - 5/2*d**2 - 3*d**3. Is x(-12) a composite number?
False
Suppose 27190 = -4*y - 5*x + 5418, 5443 = -y + 5*x. Let r = -2444 - y. Is r a prime number?
True
Suppose 0 = 7*o - o - 4164. Suppose -4*n = -5*q + o, -2*q - n + 288 = -0*n. Suppose -h = -5*h + 3*t + 92, 5*h + 3*t - q = 0. Is h prime?
False
Let r = 39546 + -23339. Is r prime?
False
Suppose -20691 = -6*v - 177. Is v a prime number?
False
Let o(c) = -c**2 + c - 1 + 0*c + 0*c + 2*c**2. Let s(z) = 10*z**2 + 8*z - 10. Let q(r) = -3*o(r) + s(r). Is q(-6) composite?
True
Let s = -52 - -57. Suppose -t + 553 = s*a + 76, 2 = a. Is t a prime number?
True
Let l(h) = 159*h**2 - 5*h - 7. Let f be l(-8). Is (-6)/14 - (f/(-7) + -3) composite?
True
Let a(m) = m**2 - 7*m + 14. Let l be a(7). Let t = 219 - l. Is t composite?
True
Suppose -3*x - 8 = -2*b, 0 = -2*b + 4*b + 2*x - 18. Suppose -b*y = -162 - 83. Is y a prime number?
False
Suppose 0*w = -4*w + 20. Suppose -8801 = -5*i + 2*i + 5*s, -5*s - 14655 = -w*i. Is i a composite number?
False
Is 1678*((-133)/(-14) - 6) prime?
False
Suppose -3*z + 2741 = -2*v, -14*v = -3*z - 15*v + 2738. Is z a prime number?
False
Suppose 6*m = 67 + 2567. Suppose -309 = -y + 295. Let s = y + m. Is s prime?
False
Let t(i) = 2*i**2 + 0*i**2 - 15*i + 0 - 9 + 3*i**2. Is t(8) composite?
False
Suppose 26*t - 29*t - 498 = 0. Let n = t - -305. Is n prime?
True
Let r = -3454 - -6453. Is r composite?
False
Suppose 0 = 3*g + 3, 6*g + 180641 = 4*y + g. Is y a composite number?
True
Let d(k) = -2*k + 3. Let y = 31 - 6. Let m be (-10)/y - 13/5. Is d(m) composite?
True
Let i(q) = -272*q + 14. Let m be i(-5). Suppose -4*l + 434 = -3*j - m, -3*l + 1327 = 5*j. Is l composite?
False
Let f = 8484 + -565. Is f prime?
True
Let q(j) = -454*j + 72. Let v be q(-6). Suppose 6*h + v = 18*h. Is h composite?
False
Let i = 994 + 1105. Is i composite?
False
Let y(l) = 7*l**2 - 4*l - 15. Let g(s) = -11*s**2 + 6*s + 22. Let m(n) = -5*g(n) - 8*y(n). Let v be m(6). Is (-1 - 25)*161/v a prime number?
False
Suppose -3*l + 4 = -29. Let o be 11 - l - (0 - -6). Is (-8150)/(-12) - (-1)/o com